{"id":585,"date":"2026-04-11T03:36:12","date_gmt":"2026-04-11T03:36:12","guid":{"rendered":"https:\/\/doris2907.azdigi.shop\/?post_type=product&#038;p=585"},"modified":"2026-04-11T03:36:12","modified_gmt":"2026-04-11T03:36:12","slug":"mugwort-essence","status":"publish","type":"product","link":"https:\/\/doris2907.azdigi.shop\/?product=mugwort-essence","title":{"rendered":"MUGWORT ESSENCE"},"content":{"rendered":"<p data-path-to-node=\"0\">\u0110\u1ec3 b\u00e0i vi\u1ebft v\u1ec1 <b data-path-to-node=\"0\" data-index-in-node=\"15\">Mugwort Essence<\/b> \u0111\u1ea1t <b data-path-to-node=\"0\" data-index-in-node=\"35\">Yoast SEO Xanh Full<\/b>, m\u00ecnh \u0111\u00e3 t\u1ed1i \u01b0u h\u00f3a c\u00e1c c\u00e2u v\u0103n c\u1ef1c ng\u1eafn, ch\u00e8n t\u1eeb n\u1ed1i li\u00ean t\u1ee5c v\u00e0 ph\u00e2n b\u1ed5 t\u1eeb kh\u00f3a ch\u00ednh x\u00e1c <b data-path-to-node=\"0\" data-index-in-node=\"147\">4 l\u1ea7n<\/b>.<\/p>\n<p data-path-to-node=\"1\">D\u01b0\u1edbi \u0111\u00e2y l\u00e0 n\u1ed9i dung chu\u1ea9n SEO \u0111\u1ec3 b\u1ea1n \u0111\u01b0a l\u00ean website:<\/p>\n<hr data-path-to-node=\"2\" \/>\n<h1 data-path-to-node=\"3\"><b data-path-to-node=\"3\" data-index-in-node=\"0\">MUGWORT ESSENCE: GI\u1ea2I PH\u00c1P L\u00c0M D\u1ecaU DA K\u00cdCH \u1ee8NG HO\u00c0N H\u1ea2O<\/b><\/h1>\n<p data-path-to-node=\"4\">L\u00e0n da nh\u1ea1y c\u1ea3m v\u00e0 d\u1ec5 m\u1ea9n \u0111\u1ecf lu\u00f4n c\u1ea7n m\u1ed9t s\u1ef1 ch\u0103m s\u00f3c \u0111\u1eb7c bi\u1ec7t d\u1ecbu nh\u1eb9. V\u00ec v\u1eady, <b data-path-to-node=\"4\" data-index-in-node=\"80\">Mugwort Essence<\/b> \u0111\u00e3 tr\u1edf th\u00e0nh c\u1ee9u tinh nh\u1edd s\u1ee9c m\u1ea1nh t\u1eeb m\u1ed9t th\u00e0nh ph\u1ea7n duy nh\u1ea5t. S\u1ea3n ph\u1ea9m gi\u00fap b\u1ea3o v\u1ec7 da v\u00e0 cung c\u1ea5p \u0111\u1ed9 \u1ea9m s\u00e2u t\u1eeb b\u00ean trong t\u1ebf b\u00e0o. H\u00e3y c\u00f9ng kh\u00e1m ph\u00e1 b\u00ed quy\u1ebft ph\u1ee5c h\u1ed3i l\u00e0n da t\u1eeb chi\u1ebft xu\u1ea5t ng\u1ea3i c\u1ee9u ngay d\u01b0\u1edbi \u0111\u00e2y.<\/p>\n<h2 data-path-to-node=\"5\"><b data-path-to-node=\"5\" data-index-in-node=\"0\">Th\u00e0nh ph\u1ea7n \u0111\u01a1n gi\u1ea3n v\u00e0 tinh khi\u1ebft trong Mugwort Essence<\/b><\/h2>\n<p data-path-to-node=\"6\">S\u1ea3n ph\u1ea9m g\u00e2y \u1ea5n t\u01b0\u1ee3ng m\u1ea1nh v\u1edbi b\u1ea3ng th\u00e0nh ph\u1ea7n t\u1ed1i gi\u1ea3n nh\u01b0ng v\u00f4 c\u00f9ng hi\u1ec7u qu\u1ea3. \u0110\u1eb7c bi\u1ec7t, chi\u1ebft xu\u1ea5t ng\u1ea3i c\u1ee9u (Artemisia Princeps) mang l\u1ea1i nh\u1eefng c\u00f4ng d\u1ee5ng v\u01b0\u1ee3t tr\u1ed9i cho da:<\/p>\n<ul data-path-to-node=\"7\">\n<li>\n<p data-path-to-node=\"7,0,0\"><b data-path-to-node=\"7,0,0\" data-index-in-node=\"0\">Chi\u1ebft xu\u1ea5t duy nh\u1ea5t:<\/b> Ch\u1ec9 ch\u1ee9a 100% ng\u1ea3i c\u1ee9u, \u0111\u1ea3m b\u1ea3o \u0111\u1ed9 l\u00e0nh t\u00ednh t\u1ed1i \u0111a cho ng\u01b0\u1eddi d\u00f9ng.<\/p>\n<\/li>\n<li>\n<p data-path-to-node=\"7,1,0\"><b data-path-to-node=\"7,1,0\" data-index-in-node=\"0\">Kh\u1ea3 n\u0103ng l\u00e0m d\u1ecbu:<\/b> Gi\u00fap l\u00e0m m\u00e1t v\u00e0 gi\u1ea3m t\u00ecnh tr\u1ea1ng m\u1ea9n \u0111\u1ecf tr\u00ean nh\u1eefng v\u00f9ng da \u0111ang b\u1ecb k\u00edch \u1ee9ng.<\/p>\n<\/li>\n<li>\n<p data-path-to-node=\"7,2,0\"><b data-path-to-node=\"7,2,0\" data-index-in-node=\"0\">B\u1ea3o v\u1ec7 da:<\/b> T\u1ea1o h\u00e0ng r\u00e0o ng\u0103n ch\u1eb7n c\u00e1c t\u00e1c nh\u00e2n g\u00e2y h\u1ea1i t\u1eeb m\u00f4i tr\u01b0\u1eddng b\u00ean ngo\u00e0i.<\/p>\n<\/li>\n<\/ul>\n<h2 data-path-to-node=\"8\"><b data-path-to-node=\"8\" data-index-in-node=\"0\">C\u00f4ng d\u1ee5ng d\u01b0\u1ee1ng \u1ea9m s\u00e2u c\u1ee7a tinh ch\u1ea5t ng\u1ea3i c\u1ee9u<\/b><\/h2>\n<p data-path-to-node=\"9\">Vi\u1ec7c s\u1eed d\u1ee5ng \u00a0gi\u00fap l\u00e0n da c\u1ee7a b\u1ea1n lu\u00f4n trong tr\u1ea1ng th\u00e1i ng\u1eadm n\u01b0\u1edbc. Tr\u01b0\u1edbc h\u1ebft, k\u1ebft c\u1ea5u d\u1ea1ng l\u1ecfng t\u01b0\u01a1i m\u00e1t th\u1ea9m th\u1ea5u c\u1ef1c nhanh m\u00e0 kh\u00f4ng g\u00e2y b\u1ebft d\u00ednh. B\u00ean c\u1ea1nh \u0111\u00f3, s\u1ea3n ph\u1ea9m c\u00f2n h\u1ed7 tr\u1ee3 c\u00e1c b\u01b0\u1edbc d\u01b0\u1ee1ng ti\u1ebfp theo h\u1ea5p th\u1ee5 v\u00e0o da t\u1ed1t h\u01a1n. Do \u0111\u00f3, quy tr\u00ecnh ch\u0103m s\u00f3c da c\u1ee7a b\u1ea1n s\u1ebd \u0111\u1ea1t \u0111\u01b0\u1ee3c hi\u1ec7u qu\u1ea3 cao nh\u1ea5t. Ngo\u00e0i ra, tinh ch\u1ea5t c\u00f2n gi\u00fap n\u1ea1p l\u1ea1i n\u0103ng l\u01b0\u1ee3ng v\u00e0 duy tr\u00ec s\u1ef1 c\u00e2n b\u1eb1ng cho bi\u1ec3u b\u00ec.<\/p>\n<h2 data-path-to-node=\"10\"><b data-path-to-node=\"10\" data-index-in-node=\"0\">L\u00fd do Mugwort Essence l\u00e0 l\u1ef1a ch\u1ecdn s\u1ed1 m\u1ed9t cho da nh\u1ea1y c\u1ea3m<\/b><\/h2>\n<p data-path-to-node=\"11\">Nhi\u1ec1u kh\u00e1ch h\u00e0ng y\u00eau th\u00edch d\u00f2ng tinh ch\u1ea5t n\u00e0y nh\u1edd kh\u1ea3 n\u0103ng ph\u1ee5c h\u1ed3i da b\u1ecb t\u1ed5n th\u01b0\u01a1ng r\u1ea5t t\u1ed1t. V\u00ec v\u1eady, s\u1ea3n ph\u1ea9m c\u1ef1c k\u1ef3 ph\u00f9 h\u1ee3p cho nh\u1eefng ai c\u00f3 n\u1ec1n da m\u1ecfng y\u1ebfu ho\u1eb7c \u0111ang b\u1ecb vi\u00eam. H\u01a1n n\u1eefa, c\u00f4ng th\u1ee9c kh\u00f4ng ch\u1ee9a h\u00f3a ch\u1ea5t \u0111\u1ed9c h\u1ea1i gi\u00fap ng\u0103n ng\u1eeba t\u00ecnh tr\u1ea1ng k\u00edch \u1ee9ng. Nh\u1edd \u0111\u00f3, b\u1ea1n c\u00f3 th\u1ec3 ho\u00e0n to\u00e0n y\u00ean t\u00e2m khi s\u1eed d\u1ee5ng h\u00e0ng ng\u00e0y \u0111\u1ec3 nu\u00f4i d\u01b0\u1ee1ng da. S\u1ea3n ph\u1ea9m mang l\u1ea1i v\u1ebb ngo\u00e0i kh\u1ecfe m\u1ea1nh v\u00e0 r\u1ea1ng r\u1ee1 sau m\u1ed7i l\u1ea7n s\u1eed d\u1ee5ng.<\/p>\n<h2 data-path-to-node=\"12\"><b data-path-to-node=\"12\" data-index-in-node=\"0\">H\u01b0\u1edbng d\u1eabn s\u1eed d\u1ee5ng Mugwort Essence \u0111\u00fang c\u00e1ch \u0111\u1ec3 ph\u1ee5c h\u1ed3i da<\/b><\/h2>\n<p data-path-to-node=\"13\">\u0110\u1ec3 \u0111\u1ea1t \u0111\u01b0\u1ee3c k\u1ebft qu\u1ea3 l\u00e0m d\u1ecbu t\u1ed1t nh\u1ea5t, b\u1ea1n n\u00ean th\u1ef1c hi\u1ec7n quy tr\u00ecnh d\u01b0\u1ee1ng da khoa h\u1ecdc. \u0110\u1ea7u ti\u00ean, h\u00e3y l\u00e0m s\u1ea1ch da m\u1eb7t v\u00e0 s\u1eed d\u1ee5ng n\u01b0\u1edbc hoa h\u1ed3ng \u0111\u1ec3 c\u00e2n b\u1eb1ng \u0111\u1ed9 pH. Ti\u1ebfp theo, b\u1ea1n l\u1ea5y m\u1ed9t l\u01b0\u1ee3ng \u00a0v\u1eeba \u0111\u1ee7 ra l\u00f2ng b\u00e0n tay. Sau \u0111\u00f3, h\u00e3y v\u1ed7 nh\u1eb9 tinh ch\u1ea5t l\u00ean m\u1eb7t, b\u1eaft \u0111\u1ea7u t\u1eeb nh\u1eefng v\u00f9ng da nh\u1ea1y c\u1ea3m nh\u1ea5t. Cu\u1ed1i c\u00f9ng, b\u1ea1n h\u00e3y ti\u1ebfp t\u1ee5c c\u00e1c b\u01b0\u1edbc d\u01b0\u1ee1ng kh\u00e1c \u0111\u1ec3 kh\u00f3a ch\u1eb7t \u0111\u1ed9 \u1ea9m tr\u00ean da.<\/p>\n","protected":false},"excerpt":{"rendered":"<p>\u0110\u1ec3 b\u00e0i vi\u1ebft v\u1ec1 Mugwort Essence \u0111\u1ea1t Yoast SEO Xanh Full, m\u00ecnh \u0111\u00e3 t\u1ed1i \u01b0u h\u00f3a c\u00e1c c\u00e2u v\u0103n c\u1ef1c ng\u1eafn, ch\u00e8n t\u1eeb n\u1ed1i li\u00ean t\u1ee5c v\u00e0 ph\u00e2n b\u1ed5 t\u1eeb kh\u00f3a ch\u00ednh x\u00e1c 4 l\u1ea7n. D\u01b0\u1edbi \u0111\u00e2y l\u00e0 n\u1ed9i dung chu\u1ea9n SEO \u0111\u1ec3 b\u1ea1n \u0111\u01b0a l\u00ean website: MUGWORT ESSENCE: GI\u1ea2I PH\u00c1P L\u00c0M D\u1ecaU DA K\u00cdCH [&#8230;]\n","protected":false},"featured_media":586,"comment_status":"open","ping_status":"closed","template":"","meta":[],"product_brand":[],"product_cat":[39],"product_tag":[],"class_list":{"0":"post-585","1":"product","2":"type-product","3":"status-publish","4":"has-post-thumbnail","6":"product_cat-toner","8":"first","9":"instock","10":"sale","11":"taxable","12":"shipping-taxable","13":"purchasable","14":"product-type-variable"},"yoast_head":"<!-- This site is optimized with the Yoast SEO plugin v26.9 - https:\/\/yoast.com\/product\/yoast-seo-wordpress\/ -->\n<title>MUGWORT ESSENCE - DORIS CARE MUGWORT ESSENCE<\/title>\n<meta name=\"description\" content=\"Mugwort Essence ch\u1ee9a 100% chi\u1ebft xu\u1ea5t ng\u1ea3i c\u1ee9u gi\u00fap l\u00e0m d\u1ecbu da k\u00edch \u1ee9ng v\u00e0 m\u1ea9n \u0111\u1ecf. Tinh ch\u1ea5t d\u01b0\u1ee1ng \u1ea9m s\u00e2u v\u00e0 b\u1ea3o v\u1ec7 l\u00e0n da nh\u1ea1y c\u1ea3m hi\u1ec7u qu\u1ea3.\" \/>\n<meta name=\"robots\" content=\"index, follow, max-snippet:-1, max-image-preview:large, max-video-preview:-1\" \/>\n<link rel=\"canonical\" href=\"https:\/\/doris2907.azdigi.shop\/?product=mugwort-essence\" \/>\n<meta property=\"og:locale\" content=\"vi_VN\" \/>\n<meta property=\"og:type\" content=\"article\" \/>\n<meta property=\"og:title\" content=\"MUGWORT ESSENCE - DORIS CARE MUGWORT ESSENCE\" \/>\n<meta property=\"og:description\" content=\"Mugwort Essence ch\u1ee9a 100% chi\u1ebft xu\u1ea5t ng\u1ea3i c\u1ee9u gi\u00fap l\u00e0m d\u1ecbu da k\u00edch \u1ee9ng v\u00e0 m\u1ea9n \u0111\u1ecf. Tinh ch\u1ea5t d\u01b0\u1ee1ng \u1ea9m s\u00e2u v\u00e0 b\u1ea3o v\u1ec7 l\u00e0n da nh\u1ea1y c\u1ea3m hi\u1ec7u qu\u1ea3.\" \/>\n<meta property=\"og:url\" content=\"https:\/\/doris2907.azdigi.shop\/?product=mugwort-essence\" \/>\n<meta property=\"og:site_name\" content=\"DORIS CARE\" \/>\n<meta property=\"og:image\" content=\"https:\/\/doris2907.azdigi.shop\/wp-content\/uploads\/2026\/04\/Mugwort-essence-thumbnail-01-product_600x.webp\" \/>\n\t<meta property=\"og:image:width\" content=\"600\" \/>\n\t<meta property=\"og:image:height\" content=\"600\" \/>\n\t<meta property=\"og:image:type\" content=\"image\/webp\" \/>\n<meta name=\"twitter:card\" content=\"summary_large_image\" \/>\n<meta name=\"twitter:label1\" content=\"\u01af\u1edbc t\u00ednh th\u1eddi gian \u0111\u1ecdc\" \/>\n\t<meta name=\"twitter:data1\" content=\"4 ph\u00fat\" \/>\n<script type=\"application\/ld+json\" class=\"yoast-schema-graph\">{\"@context\":\"https:\/\/schema.org\",\"@graph\":[{\"@type\":\"WebPage\",\"@id\":\"https:\/\/doris2907.azdigi.shop\/?product=mugwort-essence\",\"url\":\"https:\/\/doris2907.azdigi.shop\/?product=mugwort-essence\",\"name\":\"MUGWORT ESSENCE - DORIS CARE MUGWORT ESSENCE\",\"isPartOf\":{\"@id\":\"https:\/\/doris2907.azdigi.shop\/#website\"},\"primaryImageOfPage\":{\"@id\":\"https:\/\/doris2907.azdigi.shop\/?product=mugwort-essence#primaryimage\"},\"image\":{\"@id\":\"https:\/\/doris2907.azdigi.shop\/?product=mugwort-essence#primaryimage\"},\"thumbnailUrl\":\"https:\/\/doris2907.azdigi.shop\/wp-content\/uploads\/2026\/04\/Mugwort-essence-thumbnail-01-product_600x.webp\",\"datePublished\":\"2026-04-11T03:36:12+00:00\",\"description\":\"Mugwort Essence ch\u1ee9a 100% chi\u1ebft xu\u1ea5t ng\u1ea3i c\u1ee9u gi\u00fap l\u00e0m d\u1ecbu da k\u00edch \u1ee9ng v\u00e0 m\u1ea9n \u0111\u1ecf. Tinh ch\u1ea5t d\u01b0\u1ee1ng \u1ea9m s\u00e2u v\u00e0 b\u1ea3o v\u1ec7 l\u00e0n da nh\u1ea1y c\u1ea3m hi\u1ec7u qu\u1ea3.\",\"breadcrumb\":{\"@id\":\"https:\/\/doris2907.azdigi.shop\/?product=mugwort-essence#breadcrumb\"},\"inLanguage\":\"vi\",\"potentialAction\":[{\"@type\":\"ReadAction\",\"target\":[\"https:\/\/doris2907.azdigi.shop\/?product=mugwort-essence\"]}]},{\"@type\":\"ImageObject\",\"inLanguage\":\"vi\",\"@id\":\"https:\/\/doris2907.azdigi.shop\/?product=mugwort-essence#primaryimage\",\"url\":\"https:\/\/doris2907.azdigi.shop\/wp-content\/uploads\/2026\/04\/Mugwort-essence-thumbnail-01-product_600x.webp\",\"contentUrl\":\"https:\/\/doris2907.azdigi.shop\/wp-content\/uploads\/2026\/04\/Mugwort-essence-thumbnail-01-product_600x.webp\",\"width\":600,\"height\":600},{\"@type\":\"BreadcrumbList\",\"@id\":\"https:\/\/doris2907.azdigi.shop\/?product=mugwort-essence#breadcrumb\",\"itemListElement\":[{\"@type\":\"ListItem\",\"position\":1,\"name\":\"Trang ch\u1ee7\",\"item\":\"https:\/\/doris2907.azdigi.shop\/\"},{\"@type\":\"ListItem\",\"position\":2,\"name\":\"C\u1eeda h\u00e0ng\",\"item\":\"https:\/\/doris2907.azdigi.shop\/?page_id=137\"},{\"@type\":\"ListItem\",\"position\":3,\"name\":\"MUGWORT ESSENCE\"}]},{\"@type\":\"WebSite\",\"@id\":\"https:\/\/doris2907.azdigi.shop\/#website\",\"url\":\"https:\/\/doris2907.azdigi.shop\/\",\"name\":\"M\u1ef9 ph\u1ea9m\",\"description\":\"\",\"potentialAction\":[{\"@type\":\"SearchAction\",\"target\":{\"@type\":\"EntryPoint\",\"urlTemplate\":\"https:\/\/doris2907.azdigi.shop\/?s={search_term_string}\"},\"query-input\":{\"@type\":\"PropertyValueSpecification\",\"valueRequired\":true,\"valueName\":\"search_term_string\"}}],\"inLanguage\":\"vi\"}]}<\/script>\n<!-- \/ Yoast SEO plugin. -->","yoast_head_json":{"title":"MUGWORT ESSENCE - DORIS CARE MUGWORT ESSENCE","description":"Mugwort Essence ch\u1ee9a 100% chi\u1ebft xu\u1ea5t ng\u1ea3i c\u1ee9u gi\u00fap l\u00e0m d\u1ecbu da k\u00edch \u1ee9ng v\u00e0 m\u1ea9n \u0111\u1ecf. Tinh ch\u1ea5t d\u01b0\u1ee1ng \u1ea9m s\u00e2u v\u00e0 b\u1ea3o v\u1ec7 l\u00e0n da nh\u1ea1y c\u1ea3m hi\u1ec7u qu\u1ea3.","robots":{"index":"index","follow":"follow","max-snippet":"max-snippet:-1","max-image-preview":"max-image-preview:large","max-video-preview":"max-video-preview:-1"},"canonical":"https:\/\/doris2907.azdigi.shop\/?product=mugwort-essence","og_locale":"vi_VN","og_type":"article","og_title":"MUGWORT ESSENCE - DORIS CARE MUGWORT ESSENCE","og_description":"Mugwort Essence ch\u1ee9a 100% chi\u1ebft xu\u1ea5t ng\u1ea3i c\u1ee9u gi\u00fap l\u00e0m d\u1ecbu da k\u00edch \u1ee9ng v\u00e0 m\u1ea9n \u0111\u1ecf. Tinh ch\u1ea5t d\u01b0\u1ee1ng \u1ea9m s\u00e2u v\u00e0 b\u1ea3o v\u1ec7 l\u00e0n da nh\u1ea1y c\u1ea3m hi\u1ec7u qu\u1ea3.","og_url":"https:\/\/doris2907.azdigi.shop\/?product=mugwort-essence","og_site_name":"DORIS CARE","og_image":[{"width":600,"height":600,"url":"https:\/\/doris2907.azdigi.shop\/wp-content\/uploads\/2026\/04\/Mugwort-essence-thumbnail-01-product_600x.webp","type":"image\/webp"}],"twitter_card":"summary_large_image","twitter_misc":{"\u01af\u1edbc t\u00ednh th\u1eddi gian \u0111\u1ecdc":"4 ph\u00fat"},"schema":{"@context":"https:\/\/schema.org","@graph":[{"@type":"WebPage","@id":"https:\/\/doris2907.azdigi.shop\/?product=mugwort-essence","url":"https:\/\/doris2907.azdigi.shop\/?product=mugwort-essence","name":"MUGWORT ESSENCE - DORIS CARE MUGWORT ESSENCE","isPartOf":{"@id":"https:\/\/doris2907.azdigi.shop\/#website"},"primaryImageOfPage":{"@id":"https:\/\/doris2907.azdigi.shop\/?product=mugwort-essence#primaryimage"},"image":{"@id":"https:\/\/doris2907.azdigi.shop\/?product=mugwort-essence#primaryimage"},"thumbnailUrl":"https:\/\/doris2907.azdigi.shop\/wp-content\/uploads\/2026\/04\/Mugwort-essence-thumbnail-01-product_600x.webp","datePublished":"2026-04-11T03:36:12+00:00","description":"Mugwort Essence ch\u1ee9a 100% chi\u1ebft xu\u1ea5t ng\u1ea3i c\u1ee9u gi\u00fap l\u00e0m d\u1ecbu da k\u00edch \u1ee9ng v\u00e0 m\u1ea9n \u0111\u1ecf. Tinh ch\u1ea5t d\u01b0\u1ee1ng \u1ea9m s\u00e2u v\u00e0 b\u1ea3o v\u1ec7 l\u00e0n da nh\u1ea1y c\u1ea3m hi\u1ec7u qu\u1ea3.","breadcrumb":{"@id":"https:\/\/doris2907.azdigi.shop\/?product=mugwort-essence#breadcrumb"},"inLanguage":"vi","potentialAction":[{"@type":"ReadAction","target":["https:\/\/doris2907.azdigi.shop\/?product=mugwort-essence"]}]},{"@type":"ImageObject","inLanguage":"vi","@id":"https:\/\/doris2907.azdigi.shop\/?product=mugwort-essence#primaryimage","url":"https:\/\/doris2907.azdigi.shop\/wp-content\/uploads\/2026\/04\/Mugwort-essence-thumbnail-01-product_600x.webp","contentUrl":"https:\/\/doris2907.azdigi.shop\/wp-content\/uploads\/2026\/04\/Mugwort-essence-thumbnail-01-product_600x.webp","width":600,"height":600},{"@type":"BreadcrumbList","@id":"https:\/\/doris2907.azdigi.shop\/?product=mugwort-essence#breadcrumb","itemListElement":[{"@type":"ListItem","position":1,"name":"Trang ch\u1ee7","item":"https:\/\/doris2907.azdigi.shop\/"},{"@type":"ListItem","position":2,"name":"C\u1eeda h\u00e0ng","item":"https:\/\/doris2907.azdigi.shop\/?page_id=137"},{"@type":"ListItem","position":3,"name":"MUGWORT ESSENCE"}]},{"@type":"WebSite","@id":"https:\/\/doris2907.azdigi.shop\/#website","url":"https:\/\/doris2907.azdigi.shop\/","name":"M\u1ef9 ph\u1ea9m","description":"","potentialAction":[{"@type":"SearchAction","target":{"@type":"EntryPoint","urlTemplate":"https:\/\/doris2907.azdigi.shop\/?s={search_term_string}"},"query-input":{"@type":"PropertyValueSpecification","valueRequired":true,"valueName":"search_term_string"}}],"inLanguage":"vi"}]}},"_links":{"self":[{"href":"https:\/\/doris2907.azdigi.shop\/index.php?rest_route=\/wp\/v2\/product\/585","targetHints":{"allow":["GET"]}}],"collection":[{"href":"https:\/\/doris2907.azdigi.shop\/index.php?rest_route=\/wp\/v2\/product"}],"about":[{"href":"https:\/\/doris2907.azdigi.shop\/index.php?rest_route=\/wp\/v2\/types\/product"}],"replies":[{"embeddable":true,"href":"https:\/\/doris2907.azdigi.shop\/index.php?rest_route=%2Fwp%2Fv2%2Fcomments&post=585"}],"wp:featuredmedia":[{"embeddable":true,"href":"https:\/\/doris2907.azdigi.shop\/index.php?rest_route=\/wp\/v2\/media\/586"}],"wp:attachment":[{"href":"https:\/\/doris2907.azdigi.shop\/index.php?rest_route=%2Fwp%2Fv2%2Fmedia&parent=585"}],"wp:term":[{"taxonomy":"product_brand","embeddable":true,"href":"https:\/\/doris2907.azdigi.shop\/index.php?rest_route=%2Fwp%2Fv2%2Fproduct_brand&post=585"},{"taxonomy":"product_cat","embeddable":true,"href":"https:\/\/doris2907.azdigi.shop\/index.php?rest_route=%2Fwp%2Fv2%2Fproduct_cat&post=585"},{"taxonomy":"product_tag","embeddable":true,"href":"https:\/\/doris2907.azdigi.shop\/index.php?rest_route=%2Fwp%2Fv2%2Fproduct_tag&post=585"}],"curies":[{"name":"wp","href":"https:\/\/api.w.org\/{rel}","templated":true}]}}