{"id":541,"date":"2026-04-10T17:22:15","date_gmt":"2026-04-10T17:22:15","guid":{"rendered":"https:\/\/doris2907.azdigi.shop\/?post_type=product&#038;p=541"},"modified":"2026-04-10T17:22:15","modified_gmt":"2026-04-10T17:22:15","slug":"klairs-gentle-black-sugar-facial-polish","status":"publish","type":"product","link":"https:\/\/doris2907.azdigi.shop\/?product=klairs-gentle-black-sugar-facial-polish","title":{"rendered":"KLAIRS GENTLE BLACK SUGAR FACIAL POLISH"},"content":{"rendered":"<h1 data-path-to-node=\"3\"><b data-path-to-node=\"3\" data-index-in-node=\"0\">KLAIRS GENTLE BLACK SUGAR FACIAL POLISH: B\u00cd QUY\u1ebeT DA M\u1ecaN M\u00c0NG<\/b><\/h1>\n<p data-path-to-node=\"4\">L\u00e0n da th\u00f4 r\u00e1p v\u00e0 x\u1ec9n m\u00e0u th\u01b0\u1eddng do l\u1edbp s\u1eebng gi\u00e0 t\u00edch t\u1ee5 qu\u00e1 l\u00e2u. V\u00ec v\u1eady, <b data-path-to-node=\"4\" data-index-in-node=\"74\">Klairs Gentle Black Sugar Facial Polish<\/b> \u0111\u00e3 ra \u0111\u1eddi \u0111\u1ec3 gi\u00fap l\u00e0m s\u1ea1ch s\u00e2u v\u00e0 t\u00e1i t\u1ea1o b\u1ec1 m\u1eb7t da. S\u1ea3n ph\u1ea9m s\u1edf h\u1eefu c\u00e1c h\u1ea1t \u0111\u01b0\u1eddng \u0111en m\u1ecbn m\u00e0ng gi\u00fap lo\u1ea1i b\u1ecf t\u1ebf b\u00e0o ch\u1ebft m\u1ed9t c\u00e1ch nh\u1eb9 nh\u00e0ng. H\u00e3y c\u00f9ng kh\u00e1m ph\u00e1 nh\u1eefng c\u00f4ng d\u1ee5ng tuy\u1ec7t v\u1eddi c\u1ee7a d\u00f2ng t\u1ea9y t\u1ebf b\u00e0o ch\u1ebft n\u00e0y ngay d\u01b0\u1edbi \u0111\u00e2y.<\/p>\n<h2 data-path-to-node=\"5\"><b data-path-to-node=\"5\" data-index-in-node=\"0\">C\u00f4ng d\u1ee5ng l\u00e0m s\u1ea1ch v\u00e0 ng\u0103n ng\u1eeba m\u1ee5n c\u1ee7a Klairs Gentle Black Sugar Facial Polish<\/b><\/h2>\n<p data-path-to-node=\"6\">S\u1ea3n ph\u1ea9m kh\u00f4ng ch\u1ec9 l\u00e0m s\u1ea1ch b\u1ec1 m\u1eb7t m\u00e0 c\u00f2n \u0111i s\u00e2u v\u00e0o t\u1eebng l\u1ed7 ch\u00e2n l\u00f4ng. \u0110\u1eb7c bi\u1ec7t, c\u00f4ng th\u1ee9c t\u1eeb \u0111\u01b0\u1eddng \u0111en mang l\u1ea1i hi\u1ec7u qu\u1ea3 r\u00f5 r\u1ec7t cho nh\u1eefng l\u00e0n da g\u1eb7p v\u1ea5n \u0111\u1ec1 v\u1ec1 m\u1ee5n:<\/p>\n<ul data-path-to-node=\"7\">\n<li>\n<p data-path-to-node=\"7,0,0\"><b data-path-to-node=\"7,0,0\" data-index-in-node=\"0\">Ng\u0103n ng\u1eeba m\u1ee5n \u0111\u1ea7u \u0111en:<\/b> Gi\u00fap lo\u1ea1i b\u1ecf c\u00e1c s\u1ee3i b\u00e3 nh\u1eddn c\u1ee9ng \u0111\u1ea7u \u1edf v\u00f9ng m\u0169i v\u00e0 c\u1eb1m.<\/p>\n<\/li>\n<li>\n<p data-path-to-node=\"7,1,0\"><b data-path-to-node=\"7,1,0\" data-index-in-node=\"0\">Da m\u1ecbn m\u00e0ng t\u01b0\u01a1i s\u00e1ng:<\/b> L\u1edbp t\u1ebf b\u00e0o ch\u1ebft \u0111\u01b0\u1ee3c l\u1ea5y \u0111i gi\u00fap da tr\u1edf n\u00ean \u0111\u1ec1u m\u00e0u v\u00e0 r\u1ea1ng r\u1ee1 h\u01a1n.<\/p>\n<\/li>\n<li>\n<p data-path-to-node=\"7,2,0\"><b data-path-to-node=\"7,2,0\" data-index-in-node=\"0\">Gi\u1ea3m vi\u00eam da:<\/b> H\u1ed7 tr\u1ee3 b\u1ea3o v\u1ec7 da tr\u01b0\u1edbc c\u00e1c t\u00e1c nh\u00e2n g\u00e2y h\u1ea1i t\u1eeb m\u00f4i tr\u01b0\u1eddng b\u00ean ngo\u00e0i.<\/p>\n<\/li>\n<\/ul>\n<h2 data-path-to-node=\"8\"><b data-path-to-node=\"8\" data-index-in-node=\"0\">Kh\u1ea3 n\u0103ng t\u0103ng \u0111\u00e0n h\u1ed3i v\u00e0 ch\u1ed1ng l\u00e3o h\u00f3a t\u1eeb \u0111\u01b0\u1eddng \u0111en<\/b><\/h2>\n<p data-path-to-node=\"9\">Vi\u1ec7c s\u1eed d\u1ee5ng <b data-path-to-node=\"9\" data-index-in-node=\"13\">Klairs Gentle Black Sugar Facial Polish<\/b> th\u01b0\u1eddng xuy\u00ean gi\u00fap duy tr\u00ec n\u00e9t thanh xu\u00e2n cho l\u00e0n da. Tr\u01b0\u1edbc h\u1ebft, c\u00e1c \u0111\u1ed9ng t\u00e1c massage c\u00f9ng h\u1ea1t \u0111\u01b0\u1eddng gi\u00fap k\u00edch th\u00edch tu\u1ea7n ho\u00e0n m\u00e1u d\u01b0\u1edbi da. B\u00ean c\u1ea1nh \u0111\u00f3, c\u00e1c d\u01b0\u1ee1ng ch\u1ea5t t\u1ef1 nhi\u00ean h\u1ed7 tr\u1ee3 t\u0103ng t\u00ednh \u0111\u00e0n h\u1ed3i v\u00e0 ch\u1ed1ng l\u00e3o h\u00f3a nh\u1eb9. Do \u0111\u00f3, l\u00e0n da c\u1ee7a b\u1ea1n s\u1ebd tr\u1edf n\u00ean s\u0103n ch\u1eafc v\u00e0 kh\u1ecfe m\u1ea1nh h\u01a1n m\u1ed7i ng\u00e0y. Ngo\u00e0i ra, s\u1ea3n ph\u1ea9m c\u00f2n gi\u00fap c\u00e1c b\u01b0\u1edbc d\u01b0\u1ee1ng ti\u1ebfp theo th\u1ea9m th\u1ea5u t\u1ed1t h\u01a1n r\u1ea5t nhi\u1ec1u.<\/p>\n<h2 data-path-to-node=\"10\"><b data-path-to-node=\"10\" data-index-in-node=\"0\">\u01afu \u0111i\u1ec3m v\u1ec1 xu\u1ea5t x\u1ee9 v\u00e0 k\u1ebft c\u1ea5u c\u1ee7a s\u1ea3n ph\u1ea9m Klairs<\/b><\/h2>\n<p data-path-to-node=\"11\">D\u00f2ng t\u1ea9y t\u1ebf b\u00e0o ch\u1ebft n\u00e0y \u0111\u1ebfn t\u1eeb H\u00e0n Qu\u1ed1c v\u1edbi dung t\u00edch 60g r\u1ea5t nh\u1ecf g\u1ecdn. Nhi\u1ec1u kh\u00e1ch h\u00e0ng l\u1ef1a ch\u1ecdn \u00a0nh\u1edd k\u1ebft c\u1ea5u h\u1ea1t \u0111\u01b0\u1eddng si\u00eau m\u1ecbn, kh\u00f4ng g\u00e2y tr\u1ea7y x\u01b0\u1edbc da. V\u00ec v\u1eady, s\u1ea3n ph\u1ea9m c\u1ef1c k\u1ef3 an to\u00e0n cho nh\u1eefng ng\u01b0\u1eddi c\u00f3 l\u00e0n da h\u1ed7n h\u1ee3p ho\u1eb7c da d\u1ea7u. H\u01a1n n\u1eefa, m\u00f9i h\u01b0\u01a1ng t\u1ef1 nhi\u00ean d\u1ec5 ch\u1ecbu mang l\u1ea1i c\u1ea3m gi\u00e1c th\u01b0 gi\u00e3n nh\u01b0 \u0111ang \u1edf Spa. Nh\u1edd \u0111\u00f3, b\u1ea1n c\u00f3 th\u1ec3 ho\u00e0n to\u00e0n y\u00ean t\u00e2m v\u1ec1 ch\u1ea5t l\u01b0\u1ee3ng v\u00e0 \u0111\u1ed9 l\u00e0nh t\u00ednh m\u00e0 s\u1ea3n ph\u1ea9m mang l\u1ea1i.<\/p>\n<h2 data-path-to-node=\"12\"><b data-path-to-node=\"12\" data-index-in-node=\"0\">H\u01b0\u1edbng d\u1eabn s\u1eed d\u1ee5ng Klairs Gentle Black Sugar Facial Polish \u0111\u00fang c\u00e1ch<\/b><\/h2>\n<p data-path-to-node=\"13\">\u0110\u1ec3 l\u00e0n da s\u1ea1ch m\u1ecbn m\u00e0 kh\u00f4ng b\u1ecb k\u00edch \u1ee9ng, b\u1ea1n n\u00ean tu\u00e2n th\u1ee7 quy tr\u00ecnh s\u1eed d\u1ee5ng khoa h\u1ecdc. \u0110\u1ea7u ti\u00ean, h\u00e3y l\u00e0m s\u1ea1ch m\u1eb7t b\u1eb1ng s\u1eefa r\u1eeda m\u1eb7t v\u00e0 gi\u1eef cho da c\u00f2n h\u01a1i \u1ea9m. Ti\u1ebfp theo, b\u1ea1n l\u1ea5y m\u1ed9t l\u01b0\u1ee3ng\u00a0v\u1eeba \u0111\u1ee7 v\u00e0 thoa \u0111\u1ec1u l\u00ean m\u1eb7t. Sau \u0111\u00f3, h\u00e3y massage th\u1eadt nh\u1eb9 nh\u00e0ng theo chuy\u1ec3n \u0111\u1ed9ng tr\u00f2n trong kho\u1ea3ng 1 \u0111\u1ebfn 2 ph\u00fat. Cu\u1ed1i c\u00f9ng, b\u1ea1n ch\u1ec9 c\u1ea7n r\u1eeda s\u1ea1ch l\u1ea1i v\u1edbi n\u01b0\u1edbc \u1ea5m v\u00e0 c\u1ea3m nh\u1eadn l\u00e0n da m\u1ec1m m\u01b0\u1ee3t t\u1ee9c th\u00ec.<\/p>\n","protected":false},"excerpt":{"rendered":"<p>KLAIRS GENTLE BLACK SUGAR FACIAL POLISH: B\u00cd QUY\u1ebeT DA M\u1ecaN M\u00c0NG L\u00e0n da th\u00f4 r\u00e1p v\u00e0 x\u1ec9n m\u00e0u th\u01b0\u1eddng do l\u1edbp s\u1eebng gi\u00e0 t\u00edch t\u1ee5 qu\u00e1 l\u00e2u. V\u00ec v\u1eady, Klairs Gentle Black Sugar Facial Polish \u0111\u00e3 ra \u0111\u1eddi \u0111\u1ec3 gi\u00fap l\u00e0m s\u1ea1ch s\u00e2u v\u00e0 t\u00e1i t\u1ea1o b\u1ec1 m\u1eb7t da. S\u1ea3n ph\u1ea9m s\u1edf h\u1eefu c\u00e1c h\u1ea1t [&#8230;]\n","protected":false},"featured_media":542,"comment_status":"open","ping_status":"closed","template":"","meta":[],"product_brand":[],"product_cat":[22],"product_tag":[],"class_list":{"0":"post-541","1":"product","2":"type-product","3":"status-publish","4":"has-post-thumbnail","6":"product_cat-tay-te-bao-chet","8":"first","9":"instock","10":"sale","11":"taxable","12":"shipping-taxable","13":"purchasable","14":"product-type-variable"},"yoast_head":"<!-- This site is optimized with the Yoast SEO plugin v26.9 - https:\/\/yoast.com\/product\/yoast-seo-wordpress\/ -->\n<title>KLAIRS GENTLE BLACK SUGAR FACIAL POLISH - DORIS CARE KLAIRS GENTLE BLACK SUGAR FACIAL POLISH<\/title>\n<meta name=\"description\" content=\"Klairs Gentle Black Sugar Facial Polish gi\u00fap lo\u1ea1i b\u1ecf m\u1ee5n \u0111\u1ea7u \u0111en, b\u00e3 nh\u1eddn v\u00e0 l\u00e0m m\u1ecbn da. T\u1ea9y t\u1ebf b\u00e0o ch\u1ebft \u0111\u01b0\u1eddng \u0111en H\u00e0n Qu\u1ed1c t\u0103ng \u0111\u00e0n h\u1ed3i v\u00e0 s\u00e1ng da hi\u1ec7u qu\u1ea3.\" \/>\n<meta name=\"robots\" content=\"index, follow, max-snippet:-1, max-image-preview:large, max-video-preview:-1\" \/>\n<link rel=\"canonical\" href=\"https:\/\/doris2907.azdigi.shop\/?product=klairs-gentle-black-sugar-facial-polish\" \/>\n<meta property=\"og:locale\" content=\"vi_VN\" \/>\n<meta property=\"og:type\" content=\"article\" \/>\n<meta property=\"og:title\" content=\"KLAIRS GENTLE BLACK SUGAR FACIAL POLISH - DORIS CARE KLAIRS GENTLE BLACK SUGAR FACIAL POLISH\" \/>\n<meta property=\"og:description\" content=\"Klairs Gentle Black Sugar Facial Polish gi\u00fap lo\u1ea1i b\u1ecf m\u1ee5n \u0111\u1ea7u \u0111en, b\u00e3 nh\u1eddn v\u00e0 l\u00e0m m\u1ecbn da. T\u1ea9y t\u1ebf b\u00e0o ch\u1ebft \u0111\u01b0\u1eddng \u0111en H\u00e0n Qu\u1ed1c t\u0103ng \u0111\u00e0n h\u1ed3i v\u00e0 s\u00e1ng da hi\u1ec7u qu\u1ea3.\" \/>\n<meta property=\"og:url\" content=\"https:\/\/doris2907.azdigi.shop\/?product=klairs-gentle-black-sugar-facial-polish\" \/>\n<meta property=\"og:site_name\" content=\"DORIS CARE\" \/>\n<meta property=\"og:image\" content=\"https:\/\/doris2907.azdigi.shop\/wp-content\/uploads\/2026\/04\/tay-te-bao-chet-klairs-768x768-1.jpg\" \/>\n\t<meta property=\"og:image:width\" content=\"768\" \/>\n\t<meta property=\"og:image:height\" content=\"768\" \/>\n\t<meta property=\"og:image:type\" content=\"image\/jpeg\" \/>\n<meta name=\"twitter:card\" content=\"summary_large_image\" \/>\n<meta name=\"twitter:label1\" content=\"\u01af\u1edbc t\u00ednh th\u1eddi gian \u0111\u1ecdc\" \/>\n\t<meta name=\"twitter:data1\" content=\"3 ph\u00fat\" \/>\n<script type=\"application\/ld+json\" class=\"yoast-schema-graph\">{\"@context\":\"https:\/\/schema.org\",\"@graph\":[{\"@type\":\"WebPage\",\"@id\":\"https:\/\/doris2907.azdigi.shop\/?product=klairs-gentle-black-sugar-facial-polish\",\"url\":\"https:\/\/doris2907.azdigi.shop\/?product=klairs-gentle-black-sugar-facial-polish\",\"name\":\"KLAIRS GENTLE BLACK SUGAR FACIAL POLISH - DORIS CARE KLAIRS GENTLE BLACK SUGAR FACIAL POLISH\",\"isPartOf\":{\"@id\":\"https:\/\/doris2907.azdigi.shop\/#website\"},\"primaryImageOfPage\":{\"@id\":\"https:\/\/doris2907.azdigi.shop\/?product=klairs-gentle-black-sugar-facial-polish#primaryimage\"},\"image\":{\"@id\":\"https:\/\/doris2907.azdigi.shop\/?product=klairs-gentle-black-sugar-facial-polish#primaryimage\"},\"thumbnailUrl\":\"https:\/\/doris2907.azdigi.shop\/wp-content\/uploads\/2026\/04\/tay-te-bao-chet-klairs-768x768-1.jpg\",\"datePublished\":\"2026-04-10T17:22:15+00:00\",\"description\":\"Klairs Gentle Black Sugar Facial Polish gi\u00fap lo\u1ea1i b\u1ecf m\u1ee5n \u0111\u1ea7u \u0111en, b\u00e3 nh\u1eddn v\u00e0 l\u00e0m m\u1ecbn da. T\u1ea9y t\u1ebf b\u00e0o ch\u1ebft \u0111\u01b0\u1eddng \u0111en H\u00e0n Qu\u1ed1c t\u0103ng \u0111\u00e0n h\u1ed3i v\u00e0 s\u00e1ng da hi\u1ec7u qu\u1ea3.\",\"breadcrumb\":{\"@id\":\"https:\/\/doris2907.azdigi.shop\/?product=klairs-gentle-black-sugar-facial-polish#breadcrumb\"},\"inLanguage\":\"vi\",\"potentialAction\":[{\"@type\":\"ReadAction\",\"target\":[\"https:\/\/doris2907.azdigi.shop\/?product=klairs-gentle-black-sugar-facial-polish\"]}]},{\"@type\":\"ImageObject\",\"inLanguage\":\"vi\",\"@id\":\"https:\/\/doris2907.azdigi.shop\/?product=klairs-gentle-black-sugar-facial-polish#primaryimage\",\"url\":\"https:\/\/doris2907.azdigi.shop\/wp-content\/uploads\/2026\/04\/tay-te-bao-chet-klairs-768x768-1.jpg\",\"contentUrl\":\"https:\/\/doris2907.azdigi.shop\/wp-content\/uploads\/2026\/04\/tay-te-bao-chet-klairs-768x768-1.jpg\",\"width\":768,\"height\":768},{\"@type\":\"BreadcrumbList\",\"@id\":\"https:\/\/doris2907.azdigi.shop\/?product=klairs-gentle-black-sugar-facial-polish#breadcrumb\",\"itemListElement\":[{\"@type\":\"ListItem\",\"position\":1,\"name\":\"Trang ch\u1ee7\",\"item\":\"https:\/\/doris2907.azdigi.shop\/\"},{\"@type\":\"ListItem\",\"position\":2,\"name\":\"C\u1eeda h\u00e0ng\",\"item\":\"https:\/\/doris2907.azdigi.shop\/?page_id=137\"},{\"@type\":\"ListItem\",\"position\":3,\"name\":\"KLAIRS GENTLE BLACK SUGAR FACIAL POLISH\"}]},{\"@type\":\"WebSite\",\"@id\":\"https:\/\/doris2907.azdigi.shop\/#website\",\"url\":\"https:\/\/doris2907.azdigi.shop\/\",\"name\":\"M\u1ef9 ph\u1ea9m\",\"description\":\"\",\"potentialAction\":[{\"@type\":\"SearchAction\",\"target\":{\"@type\":\"EntryPoint\",\"urlTemplate\":\"https:\/\/doris2907.azdigi.shop\/?s={search_term_string}\"},\"query-input\":{\"@type\":\"PropertyValueSpecification\",\"valueRequired\":true,\"valueName\":\"search_term_string\"}}],\"inLanguage\":\"vi\"}]}<\/script>\n<!-- \/ Yoast SEO plugin. -->","yoast_head_json":{"title":"KLAIRS GENTLE BLACK SUGAR FACIAL POLISH - DORIS CARE KLAIRS GENTLE BLACK SUGAR FACIAL POLISH","description":"Klairs Gentle Black Sugar Facial Polish gi\u00fap lo\u1ea1i b\u1ecf m\u1ee5n \u0111\u1ea7u \u0111en, b\u00e3 nh\u1eddn v\u00e0 l\u00e0m m\u1ecbn da. T\u1ea9y t\u1ebf b\u00e0o ch\u1ebft \u0111\u01b0\u1eddng \u0111en H\u00e0n Qu\u1ed1c t\u0103ng \u0111\u00e0n h\u1ed3i v\u00e0 s\u00e1ng da hi\u1ec7u qu\u1ea3.","robots":{"index":"index","follow":"follow","max-snippet":"max-snippet:-1","max-image-preview":"max-image-preview:large","max-video-preview":"max-video-preview:-1"},"canonical":"https:\/\/doris2907.azdigi.shop\/?product=klairs-gentle-black-sugar-facial-polish","og_locale":"vi_VN","og_type":"article","og_title":"KLAIRS GENTLE BLACK SUGAR FACIAL POLISH - DORIS CARE KLAIRS GENTLE BLACK SUGAR FACIAL POLISH","og_description":"Klairs Gentle Black Sugar Facial Polish gi\u00fap lo\u1ea1i b\u1ecf m\u1ee5n \u0111\u1ea7u \u0111en, b\u00e3 nh\u1eddn v\u00e0 l\u00e0m m\u1ecbn da. T\u1ea9y t\u1ebf b\u00e0o ch\u1ebft \u0111\u01b0\u1eddng \u0111en H\u00e0n Qu\u1ed1c t\u0103ng \u0111\u00e0n h\u1ed3i v\u00e0 s\u00e1ng da hi\u1ec7u qu\u1ea3.","og_url":"https:\/\/doris2907.azdigi.shop\/?product=klairs-gentle-black-sugar-facial-polish","og_site_name":"DORIS CARE","og_image":[{"width":768,"height":768,"url":"https:\/\/doris2907.azdigi.shop\/wp-content\/uploads\/2026\/04\/tay-te-bao-chet-klairs-768x768-1.jpg","type":"image\/jpeg"}],"twitter_card":"summary_large_image","twitter_misc":{"\u01af\u1edbc t\u00ednh th\u1eddi gian \u0111\u1ecdc":"3 ph\u00fat"},"schema":{"@context":"https:\/\/schema.org","@graph":[{"@type":"WebPage","@id":"https:\/\/doris2907.azdigi.shop\/?product=klairs-gentle-black-sugar-facial-polish","url":"https:\/\/doris2907.azdigi.shop\/?product=klairs-gentle-black-sugar-facial-polish","name":"KLAIRS GENTLE BLACK SUGAR FACIAL POLISH - DORIS CARE KLAIRS GENTLE BLACK SUGAR FACIAL POLISH","isPartOf":{"@id":"https:\/\/doris2907.azdigi.shop\/#website"},"primaryImageOfPage":{"@id":"https:\/\/doris2907.azdigi.shop\/?product=klairs-gentle-black-sugar-facial-polish#primaryimage"},"image":{"@id":"https:\/\/doris2907.azdigi.shop\/?product=klairs-gentle-black-sugar-facial-polish#primaryimage"},"thumbnailUrl":"https:\/\/doris2907.azdigi.shop\/wp-content\/uploads\/2026\/04\/tay-te-bao-chet-klairs-768x768-1.jpg","datePublished":"2026-04-10T17:22:15+00:00","description":"Klairs Gentle Black Sugar Facial Polish gi\u00fap lo\u1ea1i b\u1ecf m\u1ee5n \u0111\u1ea7u \u0111en, b\u00e3 nh\u1eddn v\u00e0 l\u00e0m m\u1ecbn da. T\u1ea9y t\u1ebf b\u00e0o ch\u1ebft \u0111\u01b0\u1eddng \u0111en H\u00e0n Qu\u1ed1c t\u0103ng \u0111\u00e0n h\u1ed3i v\u00e0 s\u00e1ng da hi\u1ec7u qu\u1ea3.","breadcrumb":{"@id":"https:\/\/doris2907.azdigi.shop\/?product=klairs-gentle-black-sugar-facial-polish#breadcrumb"},"inLanguage":"vi","potentialAction":[{"@type":"ReadAction","target":["https:\/\/doris2907.azdigi.shop\/?product=klairs-gentle-black-sugar-facial-polish"]}]},{"@type":"ImageObject","inLanguage":"vi","@id":"https:\/\/doris2907.azdigi.shop\/?product=klairs-gentle-black-sugar-facial-polish#primaryimage","url":"https:\/\/doris2907.azdigi.shop\/wp-content\/uploads\/2026\/04\/tay-te-bao-chet-klairs-768x768-1.jpg","contentUrl":"https:\/\/doris2907.azdigi.shop\/wp-content\/uploads\/2026\/04\/tay-te-bao-chet-klairs-768x768-1.jpg","width":768,"height":768},{"@type":"BreadcrumbList","@id":"https:\/\/doris2907.azdigi.shop\/?product=klairs-gentle-black-sugar-facial-polish#breadcrumb","itemListElement":[{"@type":"ListItem","position":1,"name":"Trang ch\u1ee7","item":"https:\/\/doris2907.azdigi.shop\/"},{"@type":"ListItem","position":2,"name":"C\u1eeda h\u00e0ng","item":"https:\/\/doris2907.azdigi.shop\/?page_id=137"},{"@type":"ListItem","position":3,"name":"KLAIRS GENTLE BLACK SUGAR FACIAL POLISH"}]},{"@type":"WebSite","@id":"https:\/\/doris2907.azdigi.shop\/#website","url":"https:\/\/doris2907.azdigi.shop\/","name":"M\u1ef9 ph\u1ea9m","description":"","potentialAction":[{"@type":"SearchAction","target":{"@type":"EntryPoint","urlTemplate":"https:\/\/doris2907.azdigi.shop\/?s={search_term_string}"},"query-input":{"@type":"PropertyValueSpecification","valueRequired":true,"valueName":"search_term_string"}}],"inLanguage":"vi"}]}},"_links":{"self":[{"href":"https:\/\/doris2907.azdigi.shop\/index.php?rest_route=\/wp\/v2\/product\/541","targetHints":{"allow":["GET"]}}],"collection":[{"href":"https:\/\/doris2907.azdigi.shop\/index.php?rest_route=\/wp\/v2\/product"}],"about":[{"href":"https:\/\/doris2907.azdigi.shop\/index.php?rest_route=\/wp\/v2\/types\/product"}],"replies":[{"embeddable":true,"href":"https:\/\/doris2907.azdigi.shop\/index.php?rest_route=%2Fwp%2Fv2%2Fcomments&post=541"}],"wp:featuredmedia":[{"embeddable":true,"href":"https:\/\/doris2907.azdigi.shop\/index.php?rest_route=\/wp\/v2\/media\/542"}],"wp:attachment":[{"href":"https:\/\/doris2907.azdigi.shop\/index.php?rest_route=%2Fwp%2Fv2%2Fmedia&parent=541"}],"wp:term":[{"taxonomy":"product_brand","embeddable":true,"href":"https:\/\/doris2907.azdigi.shop\/index.php?rest_route=%2Fwp%2Fv2%2Fproduct_brand&post=541"},{"taxonomy":"product_cat","embeddable":true,"href":"https:\/\/doris2907.azdigi.shop\/index.php?rest_route=%2Fwp%2Fv2%2Fproduct_cat&post=541"},{"taxonomy":"product_tag","embeddable":true,"href":"https:\/\/doris2907.azdigi.shop\/index.php?rest_route=%2Fwp%2Fv2%2Fproduct_tag&post=541"}],"curies":[{"name":"wp","href":"https:\/\/api.w.org\/{rel}","templated":true}]}}