{"id":327,"date":"2026-04-05T16:15:54","date_gmt":"2026-04-05T16:15:54","guid":{"rendered":"https:\/\/doris2907.azdigi.shop\/?post_type=product&#038;p=327"},"modified":"2026-04-08T17:34:45","modified_gmt":"2026-04-08T17:34:45","slug":"dau-xa-buoi","status":"publish","type":"product","link":"https:\/\/doris2907.azdigi.shop\/?product=dau-xa-buoi","title":{"rendered":"D\u1ea6U X\u1ea2 B\u01af\u1edeI"},"content":{"rendered":"<h1 data-path-to-node=\"3\"><b data-path-to-node=\"3\" data-index-in-node=\"0\">D\u1ea6U X\u1ea2 B\u01af\u1edeI: GI\u1ea2I PH\u00c1P L\u00c0M M\u1ec0M T\u00d3C V\u00c0 GI\u1ea2M G\u00c3Y R\u1ee4NG<\/b><\/h1>\n<p data-path-to-node=\"4\">M\u00e1i t\u00f3c kh\u00f4 x\u01a1 v\u00e0 d\u1ec5 \u0111\u1ee9t g\u00e3y th\u01b0\u1eddng khi\u1ebfn ch\u00fang ta m\u1ea5t \u0111i s\u1ef1 t\u1ef1 tin. V\u00ec v\u1eady, d\u00f2ng <b data-path-to-node=\"4\" data-index-in-node=\"82\">d\u1ea7u x\u1ea3 b\u01b0\u1edfi<\/b> gi\u00e0u d\u01b0\u1ee1ng ch\u1ea5t \u0111\u00e3 ra \u0111\u1eddi \u0111\u1ec3 nu\u00f4i d\u01b0\u1ee1ng t\u1eebng s\u1ee3i t\u00f3c. S\u1ea3n ph\u1ea9m k\u1ebft h\u1ee3p tinh d\u1ea7u v\u1ecf b\u01b0\u1edfi truy\u1ec1n th\u1ed1ng c\u00f9ng c\u00e1c ho\u1ea1t ch\u1ea5t d\u01b0\u1ee1ng \u1ea9m hi\u1ec7n \u0111\u1ea1i. H\u00e3y c\u00f9ng kh\u00e1m ph\u00e1 ngay nh\u1eefng \u01b0u \u0111i\u1ec3m v\u01b0\u1ee3t tr\u1ed9i c\u1ee7a d\u00f2ng d\u1ea7u x\u1ea3 n\u00e0y d\u01b0\u1edbi \u0111\u00e2y.<\/p>\n<h2 data-path-to-node=\"5\"><b data-path-to-node=\"5\" data-index-in-node=\"0\">L\u1ee3i \u00edch t\u1eeb th\u00e0nh ph\u1ea7n qu\u00fd trong d\u1ea7u x\u1ea3 b\u01b0\u1edfi<\/b><\/h2>\n<p data-path-to-node=\"6\">S\u1ea3n ph\u1ea9m s\u1edf h\u1eefu b\u1ea3ng th\u00e0nh ph\u1ea7n l\u00e0nh t\u00ednh, ph\u00f9 h\u1ee3p \u0111\u1ec3 ch\u0103m s\u00f3c m\u1ecdi lo\u1ea1i t\u00f3c. \u0110\u1eb7c bi\u1ec7t, s\u1ef1 k\u1ebft h\u1ee3p c\u1ee7a c\u00e1c d\u01b0\u1ee1ng ch\u1ea5t gi\u00fap b\u1ea3o v\u1ec7 s\u1ee3i t\u00f3c t\u1eeb s\u00e2u b\u00ean trong:<\/p>\n<ul data-path-to-node=\"7\">\n<li>\n<p data-path-to-node=\"7,0,0\"><b data-path-to-node=\"7,0,0\" data-index-in-node=\"0\">Tinh d\u1ea7u v\u1ecf b\u01b0\u1edfi:<\/b> Th\u00e0nh ph\u1ea7n t\u1ef1 nhi\u00ean gi\u00fap kh\u00e1ng khu\u1ea9n v\u00e0 gi\u1ea3m r\u1ee5ng t\u00f3c hi\u1ec7u qu\u1ea3.<\/p>\n<\/li>\n<li>\n<p data-path-to-node=\"7,1,0\"><b data-path-to-node=\"7,1,0\" data-index-in-node=\"0\">Vitamin B5 (D-panthenol):<\/b> Ho\u1ea1t ch\u1ea5t n\u00e0y gi\u00fap cung c\u1ea5p \u0111\u1ed9 \u1ea9m v\u00e0 ph\u1ee5c h\u1ed3i t\u00f3c h\u01b0 t\u1ed5n.<\/p>\n<\/li>\n<li>\n<p data-path-to-node=\"7,2,0\"><b data-path-to-node=\"7,2,0\" data-index-in-node=\"0\">Xylishine\u2122:<\/b> Th\u00e0nh ph\u1ea7n gi\u00fap t\u0103ng c\u01b0\u1eddng \u0111\u1ed9 b\u00f3ng m\u01b0\u1ee3t v\u00e0 ch\u1eafc kh\u1ecfe cho m\u00e1i t\u00f3c.<\/p>\n<\/li>\n<li>\n<p data-path-to-node=\"7,3,0\"><b data-path-to-node=\"7,3,0\" data-index-in-node=\"0\">Ax\u00edt Amin:<\/b> Gi\u00fap c\u1ee7ng c\u1ed1 c\u1ea5u tr\u00fac, mang l\u1ea1i m\u00e1i t\u00f3c m\u01b0\u1ee3t m\u00e0 v\u00e0 nh\u1eb9 nh\u00e0ng.<\/p>\n<\/li>\n<\/ul>\n<h2 data-path-to-node=\"8\"><b data-path-to-node=\"8\" data-index-in-node=\"0\">C\u00f4ng d\u1ee5ng v\u01b0\u1ee3t tr\u1ed9i c\u1ee7a s\u1ea3n ph\u1ea9m \u0111\u1ed1i v\u1edbi m\u00e1i t\u00f3c<\/b><\/h2>\n<p data-path-to-node=\"9\">Vi\u1ec7c s\u1eed d\u1ee5ng <b data-path-to-node=\"9\" data-index-in-node=\"13\">d\u1ea7u x\u1ea3 b\u01b0\u1edfi<\/b> th\u01b0\u1eddng xuy\u00ean mang l\u1ea1i nh\u1eefng thay \u0111\u1ed5i r\u1ea5t t\u00edch c\u1ef1c cho m\u00e1i t\u00f3c. \u0110\u1ea7u ti\u00ean, s\u1ea3n ph\u1ea9m gi\u00fap l\u00e0m m\u1ec1m m\u01b0\u1ee3t t\u1eebng s\u1ee3i t\u00f3c ngay sau khi x\u1ea3 s\u1ea1ch. B\u00ean c\u1ea1nh \u0111\u00f3, c\u00e1c d\u01b0\u1ee1ng ch\u1ea5t t\u1eeb b\u01b0\u1edfi h\u1ed7 tr\u1ee3 gi\u1ea3m thi\u1ec3u t\u00ecnh tr\u1ea1ng g\u00e3y r\u1ee5ng r\u00f5 r\u1ec7t. Do \u0111\u00f3, b\u1ea1n s\u1ebd s\u1edbm s\u1edf h\u1eefu m\u1ed9t m\u00e1i t\u00f3c b\u1ed3ng b\u1ec1nh v\u00e0 \u0111\u1ea7y s\u1ee9c s\u1ed1ng. Ngo\u00e0i ra, s\u1ea3n ph\u1ea9m c\u00f2n gi\u00fap t\u00f3c d\u1ec5 ch\u1ea3i v\u00e0 gi\u1ea3m x\u01a1 r\u1ed1i hi\u1ec7u qu\u1ea3.<\/p>\n<h2 data-path-to-node=\"10\"><b data-path-to-node=\"10\" data-index-in-node=\"0\">Cam k\u1ebft an to\u00e0n tuy\u1ec7t \u0111\u1ed1i t\u1eeb th\u01b0\u01a1ng hi\u1ec7u Doris Care<\/b><\/h2>\n<p data-path-to-node=\"11\">Ch\u00fang t\u00f4i lu\u00f4n \u0111\u1eb7t s\u1ee9c kh\u1ecfe c\u1ee7a kh\u00e1ch h\u00e0ng l\u00ean h\u00e0ng \u0111\u1ea7u trong t\u1eebng c\u00f4ng th\u1ee9c s\u1ea3n xu\u1ea5t. V\u00ec v\u1eady, d\u00f2ng <b data-path-to-node=\"11\" data-index-in-node=\"100\">d\u1ea7u x\u1ea3 b\u01b0\u1edfi<\/b> n\u00e0y cam k\u1ebft lo\u1ea1i b\u1ecf ho\u00e0n to\u00e0n c\u00e1c ch\u1ea5t g\u00e2y h\u1ea1i cho c\u01a1 th\u1ec3:<\/p>\n<ul data-path-to-node=\"12\">\n<li>\n<p data-path-to-node=\"12,0,0\"><b data-path-to-node=\"12,0,0\" data-index-in-node=\"0\">Kh\u00f4ng ch\u1ee9a c\u1ed3n &amp; Sulfate:<\/b> \u0110\u1ea3m b\u1ea3o kh\u00f4ng g\u00e2y b\u00e0o m\u00f2n hay kh\u00f4 x\u01a1 s\u1ee3i t\u00f3c.<\/p>\n<\/li>\n<li>\n<p data-path-to-node=\"12,1,0\"><b data-path-to-node=\"12,1,0\" data-index-in-node=\"0\">Kh\u00f4ng d\u1ea7u kho\u00e1ng &amp; Paraben:<\/b> Gi\u00fap m\u00e1i t\u00f3c lu\u00f4n th\u00f4ng tho\u00e1ng v\u00e0 kh\u00f4ng b\u1ecb b\u1ebft d\u00ednh.<\/p>\n<\/li>\n<\/ul>\n<h2 data-path-to-node=\"13\"><b data-path-to-node=\"13\" data-index-in-node=\"0\">H\u01b0\u1edbng d\u1eabn c\u00e1ch s\u1eed d\u1ee5ng d\u1ea7u x\u1ea3 b\u01b0\u1edfi hi\u1ec7u qu\u1ea3 nh\u1ea5t<\/b><\/h2>\n<p data-path-to-node=\"14\">\u0110\u1ec3 \u0111\u1ea1t \u0111\u01b0\u1ee3c k\u1ebft qu\u1ea3 t\u1ed1t nh\u1ea5t, b\u1ea1n n\u00ean th\u1ef1c hi\u1ec7n theo c\u00e1c b\u01b0\u1edbc \u0111\u01a1n gi\u1ea3n sau. \u0110\u1ea7u ti\u00ean, h\u00e3y g\u1ed9i s\u1ea1ch t\u00f3c b\u1eb1ng d\u1ea7u g\u1ed9i b\u01b0\u1edfi \u0111\u1ec3 lo\u1ea1i b\u1ecf ho\u00e0n to\u00e0n b\u1ee5i b\u1ea9n. Ti\u1ebfp theo, b\u1ea1n l\u1ea5y m\u1ed9t l\u01b0\u1ee3ng <b data-path-to-node=\"14\" data-index-in-node=\"180\">d\u1ea7u x\u1ea3 b\u01b0\u1edfi<\/b> v\u1eeba \u0111\u1ee7 v\u00e0 thoa \u0111\u1ec1u l\u00ean th\u00e2n t\u00f3c. Sau \u0111\u00f3, h\u00e3y massage nh\u1eb9 nh\u00e0ng v\u00e0 \u0111\u1ec3 d\u01b0\u1ee1ng ch\u1ea5t th\u1ea5m s\u00e2u trong kho\u1ea3ng 2 ph\u00fat. Cu\u1ed1i c\u00f9ng, b\u1ea1n ch\u1ec9 c\u1ea7n x\u1ea3 s\u1ea1ch l\u1ea1i v\u1edbi n\u01b0\u1edbc \u0111\u1ec3 c\u1ea3m nh\u1eadn \u0111\u1ed9 m\u1ec1m m\u01b0\u1ee3t t\u1ee9c th\u00ec.<\/p>\n","protected":false},"excerpt":{"rendered":"<p>D\u1ea6U X\u1ea2 B\u01af\u1edeI: GI\u1ea2I PH\u00c1P L\u00c0M M\u1ec0M T\u00d3C V\u00c0 GI\u1ea2M G\u00c3Y R\u1ee4NG M\u00e1i t\u00f3c kh\u00f4 x\u01a1 v\u00e0 d\u1ec5 \u0111\u1ee9t g\u00e3y th\u01b0\u1eddng khi\u1ebfn ch\u00fang ta m\u1ea5t \u0111i s\u1ef1 t\u1ef1 tin. V\u00ec v\u1eady, d\u00f2ng d\u1ea7u x\u1ea3 b\u01b0\u1edfi gi\u00e0u d\u01b0\u1ee1ng ch\u1ea5t \u0111\u00e3 ra \u0111\u1eddi \u0111\u1ec3 nu\u00f4i d\u01b0\u1ee1ng t\u1eebng s\u1ee3i t\u00f3c. S\u1ea3n ph\u1ea9m k\u1ebft h\u1ee3p tinh d\u1ea7u v\u1ecf b\u01b0\u1edfi [&#8230;]\n","protected":false},"featured_media":367,"comment_status":"open","ping_status":"closed","template":"","meta":[],"product_brand":[],"product_cat":[37],"product_tag":[],"class_list":{"0":"post-327","1":"product","2":"type-product","3":"status-publish","4":"has-post-thumbnail","6":"product_cat-dau-goi-dau-xa","8":"first","9":"instock","10":"sale","11":"taxable","12":"shipping-taxable","13":"purchasable","14":"product-type-variable"},"yoast_head":"<!-- This site is optimized with the Yoast SEO plugin v26.9 - https:\/\/yoast.com\/product\/yoast-seo-wordpress\/ -->\n<title>D\u1ea6U X\u1ea2 B\u01af\u1edeI - DORIS CARE D\u1ea7u X\u1ea3 B\u01b0\u1edfi<\/title>\n<meta name=\"description\" content=\"D\u1ea7u x\u1ea3 b\u01b0\u1edfi gi\u00e0u d\u01b0\u1ee1ng ch\u1ea5t gi\u00fap gi\u1ea3m g\u00e3y r\u1ee5ng v\u00e0 l\u00e0m m\u1ec1m t\u1eebng s\u1ee3i t\u00f3c. S\u1ea3n ph\u1ea9m ch\u1ee9a Vitamin B5 mang l\u1ea1i m\u00e1i t\u00f3c m\u01b0\u1ee3t m\u00e0, nh\u1eb9 nh\u00e0ng sau khi x\u1ea3.\" \/>\n<meta name=\"robots\" content=\"index, follow, max-snippet:-1, max-image-preview:large, max-video-preview:-1\" \/>\n<link rel=\"canonical\" href=\"https:\/\/doris2907.azdigi.shop\/?product=dau-xa-buoi\" \/>\n<meta property=\"og:locale\" content=\"vi_VN\" \/>\n<meta property=\"og:type\" content=\"article\" \/>\n<meta property=\"og:title\" content=\"D\u1ea6U X\u1ea2 B\u01af\u1edeI - DORIS CARE D\u1ea7u X\u1ea3 B\u01b0\u1edfi\" \/>\n<meta property=\"og:description\" content=\"D\u1ea7u x\u1ea3 b\u01b0\u1edfi gi\u00e0u d\u01b0\u1ee1ng ch\u1ea5t gi\u00fap gi\u1ea3m g\u00e3y r\u1ee5ng v\u00e0 l\u00e0m m\u1ec1m t\u1eebng s\u1ee3i t\u00f3c. S\u1ea3n ph\u1ea9m ch\u1ee9a Vitamin B5 mang l\u1ea1i m\u00e1i t\u00f3c m\u01b0\u1ee3t m\u00e0, nh\u1eb9 nh\u00e0ng sau khi x\u1ea3.\" \/>\n<meta property=\"og:url\" content=\"https:\/\/doris2907.azdigi.shop\/?product=dau-xa-buoi\" \/>\n<meta property=\"og:site_name\" content=\"DORIS CARE\" \/>\n<meta property=\"article:modified_time\" content=\"2026-04-08T17:34:45+00:00\" \/>\n<meta property=\"og:image\" content=\"https:\/\/doris2907.azdigi.shop\/wp-content\/uploads\/2026\/04\/Ecom_Hair_B_Dau_xa_buoi_310ml_230821_54e210a145.jpg\" \/>\n\t<meta property=\"og:image:width\" content=\"1231\" \/>\n\t<meta property=\"og:image:height\" content=\"1500\" \/>\n\t<meta property=\"og:image:type\" content=\"image\/jpeg\" \/>\n<meta name=\"twitter:card\" content=\"summary_large_image\" \/>\n<meta name=\"twitter:label1\" content=\"\u01af\u1edbc t\u00ednh th\u1eddi gian \u0111\u1ecdc\" \/>\n\t<meta name=\"twitter:data1\" content=\"3 ph\u00fat\" \/>\n<script type=\"application\/ld+json\" class=\"yoast-schema-graph\">{\"@context\":\"https:\/\/schema.org\",\"@graph\":[{\"@type\":\"WebPage\",\"@id\":\"https:\/\/doris2907.azdigi.shop\/?product=dau-xa-buoi\",\"url\":\"https:\/\/doris2907.azdigi.shop\/?product=dau-xa-buoi\",\"name\":\"D\u1ea6U X\u1ea2 B\u01af\u1edeI - DORIS CARE D\u1ea7u X\u1ea3 B\u01b0\u1edfi\",\"isPartOf\":{\"@id\":\"https:\/\/doris2907.azdigi.shop\/#website\"},\"primaryImageOfPage\":{\"@id\":\"https:\/\/doris2907.azdigi.shop\/?product=dau-xa-buoi#primaryimage\"},\"image\":{\"@id\":\"https:\/\/doris2907.azdigi.shop\/?product=dau-xa-buoi#primaryimage\"},\"thumbnailUrl\":\"https:\/\/doris2907.azdigi.shop\/wp-content\/uploads\/2026\/04\/Ecom_Hair_B_Dau_xa_buoi_310ml_230821_54e210a145.jpg\",\"datePublished\":\"2026-04-05T16:15:54+00:00\",\"dateModified\":\"2026-04-08T17:34:45+00:00\",\"description\":\"D\u1ea7u x\u1ea3 b\u01b0\u1edfi gi\u00e0u d\u01b0\u1ee1ng ch\u1ea5t gi\u00fap gi\u1ea3m g\u00e3y r\u1ee5ng v\u00e0 l\u00e0m m\u1ec1m t\u1eebng s\u1ee3i t\u00f3c. S\u1ea3n ph\u1ea9m ch\u1ee9a Vitamin B5 mang l\u1ea1i m\u00e1i t\u00f3c m\u01b0\u1ee3t m\u00e0, nh\u1eb9 nh\u00e0ng sau khi x\u1ea3.\",\"breadcrumb\":{\"@id\":\"https:\/\/doris2907.azdigi.shop\/?product=dau-xa-buoi#breadcrumb\"},\"inLanguage\":\"vi\",\"potentialAction\":[{\"@type\":\"ReadAction\",\"target\":[\"https:\/\/doris2907.azdigi.shop\/?product=dau-xa-buoi\"]}]},{\"@type\":\"ImageObject\",\"inLanguage\":\"vi\",\"@id\":\"https:\/\/doris2907.azdigi.shop\/?product=dau-xa-buoi#primaryimage\",\"url\":\"https:\/\/doris2907.azdigi.shop\/wp-content\/uploads\/2026\/04\/Ecom_Hair_B_Dau_xa_buoi_310ml_230821_54e210a145.jpg\",\"contentUrl\":\"https:\/\/doris2907.azdigi.shop\/wp-content\/uploads\/2026\/04\/Ecom_Hair_B_Dau_xa_buoi_310ml_230821_54e210a145.jpg\",\"width\":1231,\"height\":1500},{\"@type\":\"BreadcrumbList\",\"@id\":\"https:\/\/doris2907.azdigi.shop\/?product=dau-xa-buoi#breadcrumb\",\"itemListElement\":[{\"@type\":\"ListItem\",\"position\":1,\"name\":\"Trang ch\u1ee7\",\"item\":\"https:\/\/doris2907.azdigi.shop\/\"},{\"@type\":\"ListItem\",\"position\":2,\"name\":\"C\u1eeda h\u00e0ng\",\"item\":\"https:\/\/doris2907.azdigi.shop\/?page_id=137\"},{\"@type\":\"ListItem\",\"position\":3,\"name\":\"D\u1ea6U X\u1ea2 B\u01af\u1edeI\"}]},{\"@type\":\"WebSite\",\"@id\":\"https:\/\/doris2907.azdigi.shop\/#website\",\"url\":\"https:\/\/doris2907.azdigi.shop\/\",\"name\":\"M\u1ef9 ph\u1ea9m\",\"description\":\"\",\"potentialAction\":[{\"@type\":\"SearchAction\",\"target\":{\"@type\":\"EntryPoint\",\"urlTemplate\":\"https:\/\/doris2907.azdigi.shop\/?s={search_term_string}\"},\"query-input\":{\"@type\":\"PropertyValueSpecification\",\"valueRequired\":true,\"valueName\":\"search_term_string\"}}],\"inLanguage\":\"vi\"}]}<\/script>\n<!-- \/ Yoast SEO plugin. -->","yoast_head_json":{"title":"D\u1ea6U X\u1ea2 B\u01af\u1edeI - DORIS CARE D\u1ea7u X\u1ea3 B\u01b0\u1edfi","description":"D\u1ea7u x\u1ea3 b\u01b0\u1edfi gi\u00e0u d\u01b0\u1ee1ng ch\u1ea5t gi\u00fap gi\u1ea3m g\u00e3y r\u1ee5ng v\u00e0 l\u00e0m m\u1ec1m t\u1eebng s\u1ee3i t\u00f3c. S\u1ea3n ph\u1ea9m ch\u1ee9a Vitamin B5 mang l\u1ea1i m\u00e1i t\u00f3c m\u01b0\u1ee3t m\u00e0, nh\u1eb9 nh\u00e0ng sau khi x\u1ea3.","robots":{"index":"index","follow":"follow","max-snippet":"max-snippet:-1","max-image-preview":"max-image-preview:large","max-video-preview":"max-video-preview:-1"},"canonical":"https:\/\/doris2907.azdigi.shop\/?product=dau-xa-buoi","og_locale":"vi_VN","og_type":"article","og_title":"D\u1ea6U X\u1ea2 B\u01af\u1edeI - DORIS CARE D\u1ea7u X\u1ea3 B\u01b0\u1edfi","og_description":"D\u1ea7u x\u1ea3 b\u01b0\u1edfi gi\u00e0u d\u01b0\u1ee1ng ch\u1ea5t gi\u00fap gi\u1ea3m g\u00e3y r\u1ee5ng v\u00e0 l\u00e0m m\u1ec1m t\u1eebng s\u1ee3i t\u00f3c. S\u1ea3n ph\u1ea9m ch\u1ee9a Vitamin B5 mang l\u1ea1i m\u00e1i t\u00f3c m\u01b0\u1ee3t m\u00e0, nh\u1eb9 nh\u00e0ng sau khi x\u1ea3.","og_url":"https:\/\/doris2907.azdigi.shop\/?product=dau-xa-buoi","og_site_name":"DORIS CARE","article_modified_time":"2026-04-08T17:34:45+00:00","og_image":[{"width":1231,"height":1500,"url":"https:\/\/doris2907.azdigi.shop\/wp-content\/uploads\/2026\/04\/Ecom_Hair_B_Dau_xa_buoi_310ml_230821_54e210a145.jpg","type":"image\/jpeg"}],"twitter_card":"summary_large_image","twitter_misc":{"\u01af\u1edbc t\u00ednh th\u1eddi gian \u0111\u1ecdc":"3 ph\u00fat"},"schema":{"@context":"https:\/\/schema.org","@graph":[{"@type":"WebPage","@id":"https:\/\/doris2907.azdigi.shop\/?product=dau-xa-buoi","url":"https:\/\/doris2907.azdigi.shop\/?product=dau-xa-buoi","name":"D\u1ea6U X\u1ea2 B\u01af\u1edeI - DORIS CARE D\u1ea7u X\u1ea3 B\u01b0\u1edfi","isPartOf":{"@id":"https:\/\/doris2907.azdigi.shop\/#website"},"primaryImageOfPage":{"@id":"https:\/\/doris2907.azdigi.shop\/?product=dau-xa-buoi#primaryimage"},"image":{"@id":"https:\/\/doris2907.azdigi.shop\/?product=dau-xa-buoi#primaryimage"},"thumbnailUrl":"https:\/\/doris2907.azdigi.shop\/wp-content\/uploads\/2026\/04\/Ecom_Hair_B_Dau_xa_buoi_310ml_230821_54e210a145.jpg","datePublished":"2026-04-05T16:15:54+00:00","dateModified":"2026-04-08T17:34:45+00:00","description":"D\u1ea7u x\u1ea3 b\u01b0\u1edfi gi\u00e0u d\u01b0\u1ee1ng ch\u1ea5t gi\u00fap gi\u1ea3m g\u00e3y r\u1ee5ng v\u00e0 l\u00e0m m\u1ec1m t\u1eebng s\u1ee3i t\u00f3c. S\u1ea3n ph\u1ea9m ch\u1ee9a Vitamin B5 mang l\u1ea1i m\u00e1i t\u00f3c m\u01b0\u1ee3t m\u00e0, nh\u1eb9 nh\u00e0ng sau khi x\u1ea3.","breadcrumb":{"@id":"https:\/\/doris2907.azdigi.shop\/?product=dau-xa-buoi#breadcrumb"},"inLanguage":"vi","potentialAction":[{"@type":"ReadAction","target":["https:\/\/doris2907.azdigi.shop\/?product=dau-xa-buoi"]}]},{"@type":"ImageObject","inLanguage":"vi","@id":"https:\/\/doris2907.azdigi.shop\/?product=dau-xa-buoi#primaryimage","url":"https:\/\/doris2907.azdigi.shop\/wp-content\/uploads\/2026\/04\/Ecom_Hair_B_Dau_xa_buoi_310ml_230821_54e210a145.jpg","contentUrl":"https:\/\/doris2907.azdigi.shop\/wp-content\/uploads\/2026\/04\/Ecom_Hair_B_Dau_xa_buoi_310ml_230821_54e210a145.jpg","width":1231,"height":1500},{"@type":"BreadcrumbList","@id":"https:\/\/doris2907.azdigi.shop\/?product=dau-xa-buoi#breadcrumb","itemListElement":[{"@type":"ListItem","position":1,"name":"Trang ch\u1ee7","item":"https:\/\/doris2907.azdigi.shop\/"},{"@type":"ListItem","position":2,"name":"C\u1eeda h\u00e0ng","item":"https:\/\/doris2907.azdigi.shop\/?page_id=137"},{"@type":"ListItem","position":3,"name":"D\u1ea6U X\u1ea2 B\u01af\u1edeI"}]},{"@type":"WebSite","@id":"https:\/\/doris2907.azdigi.shop\/#website","url":"https:\/\/doris2907.azdigi.shop\/","name":"M\u1ef9 ph\u1ea9m","description":"","potentialAction":[{"@type":"SearchAction","target":{"@type":"EntryPoint","urlTemplate":"https:\/\/doris2907.azdigi.shop\/?s={search_term_string}"},"query-input":{"@type":"PropertyValueSpecification","valueRequired":true,"valueName":"search_term_string"}}],"inLanguage":"vi"}]}},"_links":{"self":[{"href":"https:\/\/doris2907.azdigi.shop\/index.php?rest_route=\/wp\/v2\/product\/327","targetHints":{"allow":["GET"]}}],"collection":[{"href":"https:\/\/doris2907.azdigi.shop\/index.php?rest_route=\/wp\/v2\/product"}],"about":[{"href":"https:\/\/doris2907.azdigi.shop\/index.php?rest_route=\/wp\/v2\/types\/product"}],"replies":[{"embeddable":true,"href":"https:\/\/doris2907.azdigi.shop\/index.php?rest_route=%2Fwp%2Fv2%2Fcomments&post=327"}],"wp:featuredmedia":[{"embeddable":true,"href":"https:\/\/doris2907.azdigi.shop\/index.php?rest_route=\/wp\/v2\/media\/367"}],"wp:attachment":[{"href":"https:\/\/doris2907.azdigi.shop\/index.php?rest_route=%2Fwp%2Fv2%2Fmedia&parent=327"}],"wp:term":[{"taxonomy":"product_brand","embeddable":true,"href":"https:\/\/doris2907.azdigi.shop\/index.php?rest_route=%2Fwp%2Fv2%2Fproduct_brand&post=327"},{"taxonomy":"product_cat","embeddable":true,"href":"https:\/\/doris2907.azdigi.shop\/index.php?rest_route=%2Fwp%2Fv2%2Fproduct_cat&post=327"},{"taxonomy":"product_tag","embeddable":true,"href":"https:\/\/doris2907.azdigi.shop\/index.php?rest_route=%2Fwp%2Fv2%2Fproduct_tag&post=327"}],"curies":[{"name":"wp","href":"https:\/\/api.w.org\/{rel}","templated":true}]}}